e 1339*b - 94 = 1338*b + 5*a, 4*a = -2*b + 104. Let m be -4 + 0 + 2 + 10. What is the highest common divisor of m and b?
8
Let b = -7 - -34. Let c(g) be the second derivative of -g**3/2 - 3*g**2 - 25*g. Let p be c(-11). What is the greatest common divisor of b and p?
27
Let f be ((-6)/(-5))/(51234/(-4270) - -12). What is the highest common factor of f and 70?
14
Let k = -226 + 811. Suppose 3*g + 6*g = k. What is the highest common factor of 20 and g?
5
Let h(t) = -15*t + 287. Let c be h(19). Suppose c*k - 55 = 5*a, 17*a - 20 = 13*a. Let d = 3 + 2. What is the greatest common divisor of d and k?
5
Let o be 1196/115 - (-136)/(-40). Let c(z) = -4*z + 2. Let v be c(-5). Suppose j - v + 8 = 0. What is the greatest common factor of o and j?
7
Let a(t) = 9*t**2 - 6. Let u(p) = -p**2 + 2*p + 1. Let r be u(3). Let z be a(r). Suppose 5*s - 203 - 172 = 0. Calculate the greatest common factor of s and z.
15
Let z be -3 - 1 - ((-38)/1 - -2). Let m(l) = 1 - l**3 - 3*l**2 - 4 - 3*l - 4 - 2*l**2. Let a be m(-5). Calculate the greatest common factor of z and a.
8
Let o(m) = -6*m + 45. Let h be o(6). Suppose 4*s + 5*a + 17 = 0, -3*a = 3*s - 0*a + h. Calculate the greatest common factor of 13 and s.
1
Suppose -83*f = -43759 - 1808. Calculate the greatest common divisor of 1281 and f.
183
Let t = -1208 + 4530. What is the greatest common divisor of t and 154?
22
Let n(i) = -2*i**3 - i**2 + 40*i + 283. Let p be n(-11). What is the greatest common factor of p and 24?
8
Suppose 2621*r - 168 = 2607*r. Suppose d + 3*p = 0, 4*p - 3 = 3*d + 49. Let k(b) = -4*b + 12. Let c be k(d). What is the highest common divisor of c and r?
12
Let u(p) = -684*p**2 - 7530*p + 15. Let m be u(-11). Calculate the highest common divisor of 1800 and m.
9
Let s be 9/6*12/9. Suppose 4*b - 19 = o, 2*o + 0 = s. Suppose 0 = -3*k - b*a + 36, 82 = -0*k + 5*k + a. What is the highest common factor of k and 85?
17
Suppose 4*u - 4*h = -136, 3*u + 0*u + 127 = -2*h. Let c be ((-9)/(-1))/(((-174)/(-36))/29). Let b = c + u. What is the highest common divisor of 15 and b?
15
Suppose 0 = -85*r - 3060 + 5610. Calculate the highest common divisor of 8290 and r.
10
Let m(y) = y**3 - 14*y**2 + 36*y - 90. Let r be m(13). Calculate the highest common divisor of 323 and r.
19
Suppose -l + 906 = 4*z, -1648 = -2*l - 5*z + 170. Calculate the greatest common divisor of l and 2.
2
Suppose -3*w = -q - 257, -3*q + 431 = 5*w - 6*q. Calculate the greatest common factor of 391 and w.
17
Suppose 25 = -5*q, -x + 118 = 10*q - 13*q. Calculate the greatest common divisor of 103 and x.
103
Let l(d) = -d**3 - 3*d**2 - 20*d - 24. Let t be l(-3). What is the highest common factor of t and 96?
12
Let a(c) = 10 - 21*c + 12 - 30*c - 68. Let v be a(-6). Calculate the highest common divisor of v and 60.
20
Suppose i - c - 168 = 0, 996*i = 997*i + 2*c - 174. What is the greatest common factor of i and 323?
17
Let a = 22491 + -22308. Calculate the greatest common factor of 12932 and a.
61
Let t(r) be the first derivative of -r**4/4 - 3*r**3 - r**2 + 9*r - 64. Let n be t(-9). Let d = 7 + -4. Calculate the greatest common divisor of n and d.
3
Suppose 47 = 4*n + t - 131, -4*n + 2*t = -184. Suppose -197 - 298 = -11*s. What is the greatest common factor of s and n?
45
Let z(r) = -r**3 + 61*r**2 - 896*r - 43. Let v be z(28). Calculate the highest common divisor of v and 793.
13
Let h be (99/5)/((-12)/(-40)). Let k(r) = -39*r + 87. Let d be k(-2). What is the highest common divisor of h and d?
33
Let r be (4840/363)/((-4)/(-30)). What is the greatest common factor of 525 and r?
25
Let v = -13 + 28. Let s = 266 + -247. Suppose -s*o + 2430 = -o. What is the highest common divisor of v and o?
15
Let v be (-8 - (-4 + -1 + 0)) + 12. Let g(q) = 5*q**2 - q + 2. Let p be g(-2). What is the greatest common factor of p and v?
3
Suppose 2*c - 19 = -a, -3*c - 19 = 3*a - 46. Calculate the highest common divisor of 68 and c.
2
Suppose 5*h + n = -2*n + 23, -h - 3*n + 7 = 0. Suppose 8*i - 10*i - 4 = -5*u, 28 = h*i - u. Calculate the greatest common divisor of i and 80.
8
Suppose 4*d - 40 = -w, 33 = 5*d - 5*w - 42. Let g be ((-4 - -2) + 4)/((-5)/(-20)). Let l be 672/g + -8 + 1/1. What is the greatest common factor of d and l?
11
Let k(m) = m**2 + 4*m - 7. Let b be k(-8). Suppose b + 19 = 2*s. Suppose -18 = 3*j + 4*y, -6*j - 1 - 17 = 5*y. What is the greatest common divisor of s and j?
2
Let f = -349 - -575. Let r = f + -205. What is the greatest common factor of r and 91?
7
Suppose 9*o + 1846 - 9406 = 0. What is the greatest common factor of 315 and o?
105
Suppose -g - 4*j + 464 = 0, -3*g + 5*j + 1139 + 406 = 0. Calculate the greatest common divisor of 2375 and g.
125
Suppose 0 = -1187*v + 1136*v + 459. What is the highest common divisor of v and 109?
1
Let l(h) = 430*h + 42. Let o be l(3). Suppose o = 6*n + 36. Calculate the greatest common factor of n and 96.
24
Let q(h) = -h**2 - 110 - 27*h + 1 + 0*h + 4*h. Let g be q(-15). What is the highest common factor of 77 and g?
11
Let w = -661 + 1159. Calculate the greatest common factor of w and 12.
6
Suppose 0 = 5*y + 3*t - 185, -2*y - 3*t + 117 = y. Let h be y/85 - 8/(-5). Let w = 67 - 49. Calculate the highest common divisor of w and h.
2
Suppose -7728 = -w - 5*w - 3*m, 4*m - 6452 = -5*w. Calculate the highest common divisor of 3531 and w.
321
Let q be 5/(5*(-3)/(-6)). Let d be ((-41)/q)/(1/(-2)). Calculate the greatest common divisor of 205 and d.
41
Let s(g) = 536*g**2 + 4*g - 70. Let c be s(-4). What is the greatest common factor of c and 30?
30
Suppose m = -f + 11, 0*m = 3*f + 2*m - 30. Suppose -1 + 105 = f*l. Calculate the greatest common factor of l and 299.
13
Let q be -18*((-201)/9 - -11). Calculate the highest common divisor of 765 and q.
51
Let i = 358 + -244. Suppose -118*l + 272 = -i*l. Calculate the greatest common divisor of l and 4.
4
Suppose -l - 390 = -r, 5*r - 2*l + 465 = 2421. Calculate the greatest common factor of 1372 and r.
196
Let h = 205 + -196. Let d be 42/h*(-108)/(-72). Calculate the highest common divisor of 805 and d.
7
Let n = -10385 - -31706. What is the greatest common factor of 207 and n?
207
Let i(f) = -f**2 - 16*f - 54. Let a be i(-6). What is the highest common factor of 96 and a?
6
Suppose 5*p = -6*y + y + 30, -3*y = -3*p + 12. Suppose -p*z + 72 = 2*r + 13, 4*z - 42 = r. Let c = 2764 - 2643. What is the highest common divisor of z and c?
11
Let w(u) = 26*u**2 + 1. Let m be w(3). Let a be ((-94)/8)/(1/(-8)). What is the highest common factor of a and m?
47
Suppose 0 = s - 4*b + 19, 4*s + 11 = 14*b - 11*b. Let f be (-88*s)/((-12)/(-42)*-1). Calculate the highest common factor of 7 and f.
7
Suppose -7*l - 50 = 3*l. Let w(p) = -p**2 - 7*p - 6. Let b be w(l). What is the highest common factor of b and 12?
4
Let d be (553/28 - 11)*136. What is the greatest common divisor of d and 420?
70
Let v = 151868 - 151826. Suppose -3*x = x - 756. What is the highest common factor of v and x?
21
Let a(t) = 22*t. Let y be a(5). Let c = 17372 - 17284. What is the highest common divisor of y and c?
22
Let f(b) = 2*b**3 - b**2 - 11*b + 16. Let j(d) = -d**2 - 9*d + 116. Let n be j(-16). Let t be f(n). Calculate the highest common divisor of 21 and t.
21
Let g(s) = 8*s**2 - 9*s + 10. Let r = -27 + 28. Let u be g(r). What is the highest common factor of u and 5?
1
Let x be 11/(((-20)/(-300))/(1/15)). What is the highest common divisor of x and 1?
1
Let c = -73 - -113. Let m be -1*120*(300/(-45))/10. What is the greatest common divisor of c and m?
40
Let x = 140 - 142. Let o be (35/10 - 5)/(1/x). What is the greatest common factor of 9 and o?
3
Let x(o) = -o**2 + 7*o - 6. Let w(d) = -3*d + 29. Let r be w(7). Let v be 2/(-4) - (-4 - 4/r). Let q be x(v). Calculate the greatest common factor of q and 42.
6
Suppose -6 = 9*q - 7*q, 5*r + 5*q = 245. What is the greatest common divisor of 204 and r?
4
Let u(m) = m**3 + 7*m**2 - 10*m - 2. Let w be u(-9). Let c = 115 + w. What is the highest common divisor of 369 and c?
41
Let m = 33424 - 29968. Calculate the greatest common divisor of 756 and m.
108
Let u be 18/6 - (-3 + -2). Suppose u = 3*z - 1. Let j be 18/5 - 1*(-16)/40. Calculate the highest common factor of j and z.
1
Suppose -4*f + 32 = i, -2*i + 14 = f - 92. Calculate the greatest common factor 